?
22
Let s be (-4)/2*(-22)/4. Suppose 4*k = 4*f + 124, -3*f = -41 + 35. Calculate the highest common factor of s and k.
11
Let y(f) = 2*f + 20. Let q be y(-11). Let b be 4710/195 + q/13. Calculate the highest common divisor of 84 and b.
12
Let p(a) = -a + 1. Let q be p(4). Let l be q/((-9)/(-2))*-3. Suppose -o - 5 = -3*m, 2*o - o = -m + 7. What is the greatest common divisor of o and l?
2
Let d(g) = 77*g + 586. Let b be d(-7). Calculate the greatest common factor of b and 1269.
47
Suppose -17*d + 30*d = 338. Calculate the greatest common factor of 481 and d.
13
Let u be (-25 + 1)*(-5)/3. Let b(l) = -l**2 - 9*l + 8. Let n = -43 + 35. Let q be b(n). What is the greatest common divisor of u and q?
8
Let n = 407 - 281. Calculate the greatest common divisor of 14 and n.
14
Let h(k) = -7*k**3 - 49*k**2 - k + 8. Let a be h(-7). Suppose 5 = m - 1. What is the greatest common factor of m and a?
3
Suppose -5*f - 385 = -5*t, 3*t - 114 - 87 = -3*f. Calculate the greatest common divisor of t and 264.
24
Let k be (-9)/(-1)*2*3/(-1). Let q = -4 - k. Calculate the highest common divisor of q and 250.
50
Let g(w) = 27*w**2 - 4*w - 5. Let a be g(-1). Let o be (-117)/a*20/(-9). What is the highest common factor of o and 100?
10
Suppose -2*q - 4 + 8 = 0. Suppose -q*b = b - 345. Calculate the highest common divisor of 23 and b.
23
Let a be ((-3060)/54)/(2/(-3)). Let m = 4 - 3. Let w(u) = 33*u + 1. Let t be w(m). Calculate the greatest common factor of a and t.
17
Let w = -408 + 424. What is the highest common factor of 496 and w?
16
Let a = 227 - -295. Calculate the highest common divisor of a and 54.
18
Let f be (66/2)/(1313/(-52) - -26). Suppose -22 = -2*m + c, 0*c - 55 = -5*m + 3*c. Calculate the highest common factor of m and f.
11
Let w = -320 + 333. Calculate the greatest common divisor of 845 and w.
13
Let k = 229 - 113. Calculate the greatest common divisor of k and 406.
58
Let m be (-12)/(-60) + 21/(-5)*-9. Calculate the greatest common divisor of m and 456.
38
Let u(r) = -r**3 - 8*r**2 + 7*r + 12. Let x be u(-10). Suppose 9*m - x = 92. Let o = 14 - -194. Calculate the highest common factor of o and m.
26
Let w(g) = -3*g**2 + 89*g - 50. Let j be w(29). What is the greatest common divisor of 968 and j?
8
Let o(x) = x**2 - 2*x + 2. Let r be o(2). Let q = -67 + 70. Suppose r = -q*d + 14. What is the highest common factor of d and 10?
2
Let v(r) = -r + 7. Let b be v(5). Let z(l) = l**3 + 2*l**2 - 3*l - 3. Let d be z(2). Let x be b + 56*d/2. What is the greatest common factor of 33 and x?
33
Let u be 1/(3 - 68/24). Let o be (6/4)/(u/20). Suppose -152 = -4*c - o*f, -3*c + c + 5*f + 46 = 0. What is the highest common factor of 11 and c?
11
Let y = 269 - 237. Calculate the highest common factor of 2 and y.
2
Let j = 5 + 23. Suppose 20 + 120 = 2*d. Calculate the greatest common factor of d and j.
14
Let w = -126 - -90. Let t = w - -19. Let u = 28 + t. Calculate the greatest common divisor of 88 and u.
11
Let r be (4 + 28)/2 - -4. Suppose -7*c - r = -2*c, 3*c = v - 24. Calculate the greatest common factor of 108 and v.
12
Let p be (-50)/(-6)*(-117)/(-65). Let t = 17 - p. Suppose -t*r = -5*b - 29, 3*b - 5*b - 20 = -2*r. What is the highest common divisor of r and 77?
7
Let x(b) = 3*b**2 - 19*b - 46. Let s be x(-14). Calculate the greatest common divisor of s and 101.
101
Let p(c) = -c**3 + c + 50. Let j = -1 + 1. Let r be p(j). Suppose 101*n - 47*n - 1080 = 0. What is the highest common factor of r and n?
10
Let c be 0 + (2 - (-39)/(-3)). Let y(d) = 0*d - 3 - 4*d + 2 - 1. Let p be y(c). Calculate the highest common divisor of 28 and p.
14
Let i = -29 + 13. Let r = i - -19. What is the greatest common factor of 2 and r?
1
Let l(h) be the third derivative of h**6/120 - 13*h**5/60 + 7*h**4/8 + 13*h**3/6 - 19*h**2. Let t be l(11). Calculate the highest common factor of 5 and t.
1
Suppose 18 - 6 = 3*j. Suppose -3*m + 5 + 31 = 3*f, 0 = j*m - 4. Suppose f = 5*d + n, 2*d - 5 + 0 = -n. Calculate the highest common factor of d and 1.
1
Suppose f - 2*q + 3 = 0, -f = q - 4 - 2. Suppose -x - 487 = -g, f*x - 891 - 78 = -2*g. What is the highest common factor of 54 and g?
54
Let y be 4/(-16) + 5/4. Let m be ((-6)/(-8))/(4/(-96)). Let q = m - -26. What is the highest common factor of y and q?
1
Let j(l) = -2*l**3 - 4*l**2 - 8*l + 15. Let z be j(-4). Calculate the highest common factor of z and 6.
3
Let j = 391 - 386. Calculate the highest common factor of 3 and j.
1
Let g = -845 - -932. Let i = -21 + 50. What is the greatest common divisor of i and g?
29
Let g(k) = 2*k**3 - k**2 + 17*k - 24. Let j be g(2). Calculate the greatest common factor of j and 143.
11
Let k(q) = 4*q - 4. Let b be k(-6). Let u = b + 35. What is the greatest common divisor of 35 and u?
7
Suppose 3*f = 6, 0 = 3*z + 4*f - 8*f - 883. Calculate the highest common factor of z and 27.
27
Let j(m) = -3*m**3 + 35*m**2 + 99*m - 5. Let w be j(14). Let x(p) = 62*p**2 + 1. Let s be x(1). What is the highest common divisor of s and w?
9
Suppose 0 = 3*n + d - 58, -3*d + 22 + 38 = 3*n. Calculate the highest common factor of n and 38.
19
Suppose 3*j - 2*j = 3*j. Suppose j = 2*f - 3*n - 23, -33 = -2*f - 0*f + 5*n. What is the greatest common factor of f and 6?
2
Let z(n) = -6*n**3 + 5*n**2 + n - 4. Let k be z(-3). What is the greatest common factor of k and 25?
25
Let n(g) = -8*g**2 - 4*g + 0*g - g**3 + 15*g**2 - 10. Let d be n(6). What is the greatest common factor of 4 and d?
2
Let a be ((-115)/15 + 5)*(-45)/3. What is the highest common divisor of a and 200?
40
Suppose 5*d - 3*f - 535 - 194 = 0, -4*f + 8 = 0. What is the highest common divisor of 49 and d?
49
Let p(y) = 2*y + 34. Suppose -2*l + 10 = 0, 4*a + 8*l - 20 = 4*l. Let r be p(a). What is the greatest common divisor of r and 306?
34
Let z(k) = -8*k - 52. Let y be z(-10). Suppose 3*m = -2*v + 267, 5*m + 0*m - 277 = -2*v. Calculate the highest common factor of v and y.
14
Let h be -2*71/(-6) - (-55)/165. Calculate the highest common factor of h and 288.
24
Suppose -3*u + 5*m = -32, 0 = 2*m - 3 - 7. Suppose 5*k + 4 = -4*g + 80, -u = -g - 3*k. Calculate the greatest common factor of g and 19.
19
Let r(q) = -q**2 - 9*q - 6. Let u be r(-8). Suppose u*i - 18 = 26. Calculate the greatest common divisor of i and 176.
22
Suppose 0 = -0*f + 2*f - 52. Let j = -23 + 49. What is the greatest common factor of j and f?
26
Let a = -57 - -53. Let d be 50*(1 - -1) + a. Calculate the greatest common factor of d and 12.
12
Let u be (1 - 73)*(3 + -4). Suppose y - 5*y = 5*z - 125, -3*z - 3*y + u = 0. What is the greatest common divisor of 261 and z?
29
Suppose -b - b + 2*z = -14, z - 23 = -5*b. Let c(g) = -b + 2 - 2*g**2 + 9*g + g**2. Let a be c(8). What is the highest common factor of a and 40?
5
Suppose -2*u = -4*l - 36, 0 = 5*u - 10*u + 4*l + 78. Suppose 13*v - 16*v = 2*b - 284, -3*b = -3*v + 309. Calculate the highest common divisor of v and u.
14
Let p be 2/((-24)/(-540)) - (0 - -3). Calculate the highest common factor of 12 and p.
6
Let q be (26/(-39))/((-4)/6) - 1. Let k(u) = -u**2 + u + 21. Let x be k(q). What is the highest common divisor of 63 and x?
21
Let z be -4*(-10)/(-40)*-9. What is the highest common factor of z and 4?
1
Let k(j) = 30*j - 144. Let n be k(6). Let t be 2/8 + 19/4. Suppose -37 = -3*x + 5*s, 5*s + 22 = t*x - 23. Calculate the greatest common divisor of n and x.
4
Let m be (1/2)/((-1)/(-124)). Suppose 8*s = 2 + m. What is the highest common divisor of 64 and s?
8
Let o = 693 - 665. What is the highest common divisor of 364 and o?
28
Suppose 16 = 5*g - 14. Let y be 23/g - (-12)/72. Suppose 0*v = -y*v + 52. What is the greatest common divisor of v and 143?
13
Suppose 2*d = -t + 27, -4*t - 9 - 27 = -4*d. Suppose -50*p = -51*p + d. Calculate the highest common divisor of p and 60.
12
Suppose 65*y + 35*y - 1400 = 0. What is the greatest common divisor of y and 994?
14
Let k = 482 + -373. Calculate the highest common divisor of 3 and k.
1
Suppose -14 = 12*m - 14*m. Suppose -52 = 5*y - m*y. What is the highest common factor of 286 and y?
26
Let j be ((-21)/6 - -4)*-6. Let t be (-8)/28 + (1278/(-21))/j. What is the highest common divisor of 8 and t?
4
Suppose 2*d - 2*f - 322 = 0, -4*d = -2*f + 60 - 712. What is the highest common divisor of d and 33?
33
Let u = 